{"id":437,"date":"2021-06-30T08:23:51","date_gmt":"2021-06-30T06:23:51","guid":{"rendered":"https:\/\/ra-krueger-rinteln.de\/blog\/cookie-richtlinie-eu\/"},"modified":"2023-10-30T14:59:46","modified_gmt":"2023-10-30T13:59:46","slug":"cookie-richtlinie-eu","status":"publish","type":"page","link":"https:\/\/ra-krueger-rinteln.de\/blog\/cookie-richtlinie-eu\/","title":{"rendered":"Cookie-Richtlinie (EU)"},"content":{"rendered":"\n<!-- This legal document was generated by Complianz | GDPR\/CCPA Cookie Consent https:\/\/wordpress.org\/plugins\/complianz-gdpr -->\n<div id=\"cmplz-document\" class=\"cmplz-document cookie-statement\"><p><i>Diese Cookie-Erkl\u00e4rung wurde zuletzt am 30. Juni 2021 aktualisiert und gilt f\u00fcr die B\u00fcrgerinnen und B\u00fcrger, sowie legale st\u00e4ndige Einwohner des Europ\u00e4ischen Wirtschaftsraums.<\/i><\/p><h2>1. Einf\u00fchrung<\/h2><p>Unsere Website <a href=\"https:\/\/ra-krueger-rinteln.de\/blog\">https:\/\/ra-krueger-rinteln.de\/blog<\/a> (nachfolgend als \u201eWebsite\u201c bezeichnet) verwendet Cookies und \u00e4hnliche Technologien (der Einfachheit halber werden alle diese unter dem Begriff \u201eCookies\u201c zusammengefasst). Cookies werden au\u00dferdem von uns beauftragten Drittparteien platziert. In dem unten stehendem Dokument informieren wir Sie \u00fcber die Verwendung von Cookies auf unserer Website.<\/p><h2>2. Was sind Cookies?<\/h2><p>Ein Cookie ist eine kleine einfache Datei, die zusammen mit Seiten dieser Website gesendet und von Ihrem Browser auf der Festplatte Ihres Computers oder eines anderen Ger\u00e4ts gespeichert wird. Die darin gespeicherten Informationen k\u00f6nnen bei einem sp\u00e4teren Besuch an unsere Server oder an die Server der betreffenden Dritten zur\u00fcckgegeben werden.<\/p><h2>3. Was sind Skripte?<\/h2><p>Ein Skript ist ein Programmcode, mit dem unsere Website ordnungsgem\u00e4\u00df und interaktiv funktioniert. Dieser Code wird auf unserem Server oder auf Ihrem Ger\u00e4t ausgef\u00fchrt.<\/p><h2>4. Cookies<\/h2><p class=\"cmplz-subtitle\">4.1 Technische oder funktionale Cookies<\/p><p>Einige Cookies stellen sicher, dass bestimmte Teile der Website ordnungsgem\u00e4\u00df funktionieren und Ihre Benutzereinstellungen weiterhin in Erinnerung bleiben. Durch das Setzen funktionaler Cookies erleichtern wir Ihnen den Besuch unserer Website. Auf diese Weise m\u00fcssen Sie beim Besuch unserer Website nicht wiederholt dieselben Informationen eingeben, so bleiben Artikel beispielsweise in Ihrem Warenkorb, bis Sie bezahlt haben. Wir k\u00f6nnen diese Cookies ohne Ihre Zustimmung platzieren.<\/p><p class=\"cmplz-subtitle\">4.2 Statistik-Cookies<\/p><p>Da Statistiken anonym nachverfolgt werden, wird keine Erlaubnis zum Setzen von Statistik-Cookies ben\u00f6tigt.<\/p><h2>5. Platzierte Cookies<\/h2><div id=\"cmplz-cookies-overview\"><details class=\"cmplz-dropdown cmplz-service-desc cmplz-dropdown-cookiepolicy \">\n\t<summary class=\"cmplz-service-header\"><div><h3>WordPress<\/h3><p>Funktional<\/p><\/div><\/summary>\n\t    <div class=\"cmplz-service-description\">\n\t\t    <h4>Verwendung<\/h4>\n\t        <p>Wir verwenden den WordPress-Service f\u00fcr die Website-Entwicklung. <a target=\"_blank\" rel=\"noopener noreferrer nofollow\" href=\"https:\/\/cookiedatabase.org\/service\/wordpress\">Weiterlesen<\/a><\/p>\n\t    <\/div>\n\t    <div class=\"cmplz-sharing-data\">\n\t        <h4>Gemeinsame Nutzung von Daten<\/h4>\n\t        <p>Diese Daten werden nicht an Dritte weitergegeben.<\/p>\n\t    <\/div>\n\t    <div class=\"cookies-per-purpose\">\n    <div class=\"purpose\"><h4>Funktional<\/h4><\/div>\n    <div class=\"name-header\">\n\t<h5>Name<\/h5>\n<\/div>\n<div class=\"name\"><a target=\"_blank\" rel=\"noopener noreferrer nofollow\" href=\"https:\/\/cookiedatabase.org\/cookie\/wordpress\/wpemojisettingssupports\">wpEmojiSettingsSupports<\/a><\/div>\n<div class=\"retention-header\">\n\t<h5>Aufbewahrung<\/h5>\n<\/div>\n<div class=\"retention\">Sitzung<\/div>\n<div class=\"function-header\">\n\t<h5>Funktion<\/h5>\n<\/div>\n<div class=\"function\">Speichere Browser-Angaben<\/div>\n\n<\/div>\n<\/details>\n<\/div><h2>6. Ihre Rechte in Bezug auf personenbezogene Daten<\/h2><p>Sie haben folgende Rechte in Bezug auf Ihre personenbezogenen Daten:<\/p><ul>\n                    <li>Sie haben das Recht zu erfahren, warum Ihre personenbezogenen Daten ben\u00f6tigt werden, was damit passiert und wie lange sie aufbewahrt werden.<\/li>\n                    <li>Auskunftsrecht: Sie haben das Recht, auf Ihre uns bekannten personenbezogenen Daten zuzugreifen.<\/li>\n                    <li>Recht auf Berichtigung: Sie haben das Recht, Ihre personenbezogenen Daten jederzeit zu erg\u00e4nzen, zu korrigieren, zu l\u00f6schen oder zu sperren.<\/li>\n                    <li>Wenn Sie uns Ihre Einwilligung zur Verarbeitung Ihrer Daten erteilen, haben Sie das Recht, diese Einwilligung zu widerrufen und Ihre personenbezogenen Daten l\u00f6schen zu lassen.<\/li>\n                    <li>Recht auf \u00dcbermittlung Ihrer Daten: Sie haben das Recht, alle Ihre personenbezogenen Daten vom f\u00fcr die Verarbeitung Verantwortlichen anzufordern und vollst\u00e4ndig an einen anderen f\u00fcr die Verarbeitung Verantwortlichen zu \u00fcbermitteln.<\/li>\n                    <li>Widerspruchsrecht: Sie k\u00f6nnen der Verarbeitung Ihrer Daten widersprechen. Wir halten uns daran, es sei denn, es liegen berechtigte Gr\u00fcnde f\u00fcr die Bearbeitung vor.<\/li>\n                <\/ul><p>Um diese Rechte auszu\u00fcben, kontaktieren Sie uns bitte. Bitte beachten Sie die Kontaktdaten am Ende dieser Cookie-Erkl\u00e4rung. Wenn Sie eine Beschwerde dar\u00fcber haben, wie wir mit Ihren Daten umgehen, w\u00fcrden wir gerne von Ihnen h\u00f6ren, aber Sie haben auch das Recht, eine Beschwerde bei der zust\u00e4ndigen Aufsichtsbeh\u00f6rde (der Datenschutzbeh\u00f6rde) einzureichen.<\/p><h2>7. Aktivieren \/ Deaktivieren und L\u00f6schen von Cookies<\/h2><p>Sie k\u00f6nnen Ihren Internetbrowser verwenden, um Cookies automatisch oder manuell zu l\u00f6schen. Sie k\u00f6nnen auch festlegen, dass bestimmte Cookies m\u00f6glicherweise nicht platziert werden. Eine weitere M\u00f6glichkeit besteht darin, die Einstellungen Ihres Internetbrowsers so zu \u00e4ndern, dass Sie bei jedem Absetzen eines Cookies eine Nachricht erhalten. Weitere Informationen zu diesen Optionen finden Sie in den Anweisungen im Hilfebereich Ihres Browsers.<\/p><p>Bitte beachten Sie, dass unsere Website m\u00f6glicherweise nicht richtig funktioniert, wenn alle Cookies deaktiviert sind. Wenn Sie die Cookies in Ihrem Browser l\u00f6schen, werden sie nach Ihrer Zustimmung wieder platziert, wenn Sie unsere Websites erneut besuchen.<\/p><h2>8. Kontaktdetails<\/h2><p>F\u00fcr Fragen und \/ oder Kommentare zu unserer Cookie-Richtlinie und dieser Erkl\u00e4rung kontaktieren Sie uns bitte \u00fcber die folgenden Kontaktdaten:<\/p><p>Rechtsanwalt Heinz Kr\u00fcger<br>\n                    B\u00e4ckerstra\u00dfe 30 A, 31737 Rinteln <br>\n                    Deutschland<br>\n                    Website: <a href=\"https:\/\/ra-krueger-rinteln.de\/blog\">https:\/\/ra-krueger-rinteln.de\/blog<\/a> <br>\n                    E-Mail: <a href=\"mailto:ra&#x40;ra-&#x6b;&#x72;uege&#x72;&#046;ri&#x6e;teln&#046;de\">ra&#x40;ra-&#x6b;&#x72;uege&#x72;&#046;ri&#x6e;teln&#046;de<\/a> <br>\n                    Telefonnummer: 05751-7052843<br><\/p><p>Um aktuelle Funktionsweisen zu erhalten, wurde diese Cookie-Richtlinie mit der Cookie-Datenbank \u201e<a href=\"https:\/\/cookiedatabase.org\" target=\"_blank\">cookiedatabase.org<\/a>\u201c am 15. April 2026 abgeglichen<\/p><\/div>","protected":false},"excerpt":{"rendered":"","protected":false},"author":1,"featured_media":0,"parent":0,"menu_order":0,"comment_status":"closed","ping_status":"closed","template":"","meta":{"_et_pb_use_builder":"","_et_pb_old_content":"","_et_gb_content_width":"","footnotes":""},"_links":{"self":[{"href":"https:\/\/ra-krueger-rinteln.de\/blog\/wp-json\/wp\/v2\/pages\/437"}],"collection":[{"href":"https:\/\/ra-krueger-rinteln.de\/blog\/wp-json\/wp\/v2\/pages"}],"about":[{"href":"https:\/\/ra-krueger-rinteln.de\/blog\/wp-json\/wp\/v2\/types\/page"}],"author":[{"embeddable":true,"href":"https:\/\/ra-krueger-rinteln.de\/blog\/wp-json\/wp\/v2\/users\/1"}],"replies":[{"embeddable":true,"href":"https:\/\/ra-krueger-rinteln.de\/blog\/wp-json\/wp\/v2\/comments?post=437"}],"version-history":[{"count":1,"href":"https:\/\/ra-krueger-rinteln.de\/blog\/wp-json\/wp\/v2\/pages\/437\/revisions"}],"predecessor-version":[{"id":499,"href":"https:\/\/ra-krueger-rinteln.de\/blog\/wp-json\/wp\/v2\/pages\/437\/revisions\/499"}],"wp:attachment":[{"href":"https:\/\/ra-krueger-rinteln.de\/blog\/wp-json\/wp\/v2\/media?parent=437"}],"curies":[{"name":"wp","href":"https:\/\/api.w.org\/{rel}","templated":true}]}}